mon divisor of 1800 and 10332?
36
Calculate the greatest common divisor of 5310 and 1054.
2
What is the highest common factor of 12450 and 150?
150
What is the greatest common factor of 224 and 350976?
32
Calculate the highest common divisor of 35 and 3497305.
35
Calculate the greatest common factor of 289 and 12121.
17
Calculate the highest common divisor of 35460 and 360.
180
Calculate the greatest common divisor of 2576 and 625184.
112
What is the highest common factor of 669 and 835804?
223
Calculate the greatest common factor of 164930 and 160.
10
What is the highest common divisor of 12900 and 268836?
516
Calculate the greatest common factor of 260 and 20.
20
Calculate the highest common divisor of 3871 and 343.
49
Calculate the greatest common factor of 4059517 and 77.
77
What is the highest common divisor of 37935 and 75?
15
What is the greatest common divisor of 945 and 140265?
135
What is the greatest common factor of 20192 and 22688?
32
What is the highest common factor of 66 and 35618?
22
What is the highest common divisor of 764006 and 2?
2
Calculate the highest common divisor of 4343 and 39.
1
What is the greatest common divisor of 104 and 2000?
8
What is the highest common divisor of 1114728 and 24?
24
What is the highest common factor of 17578 and 12925?
517
What is the highest common divisor of 3195488 and 32?
32
What is the highest common factor of 317904 and 1110?
222
What is the greatest common factor of 332952 and 264?
24
Calculate the highest common factor of 192 and 274884.
12
What is the greatest common divisor of 189741 and 24?
3
What is the highest common divisor of 8130 and 2370?
30
What is the highest common factor of 780 and 198?
6
What is the highest common divisor of 5 and 4287?
1
Calculate the greatest common factor of 676 and 12116.
52
Calculate the highest common divisor of 2820 and 36.
12
What is the highest common divisor of 2588376 and 372?
372
What is the greatest common divisor of 42 and 1109682?
42
What is the highest common factor of 1669654 and 239?
239
Calculate the greatest common factor of 484510 and 40.
10
What is the greatest common factor of 2081880 and 288?
72
What is the highest common divisor of 7290 and 30?
30
Calculate the highest common divisor of 228 and 47772.
12
What is the greatest common divisor of 4077 and 243?
27
What is the highest common divisor of 4305 and 145?
5
What is the greatest common factor of 1050 and 798?
42
Calculate the highest common factor of 35536 and 6.
2
Calculate the highest common factor of 18 and 97497.
9
What is the highest common divisor of 1808 and 400?
16
Calculate the highest common divisor of 425 and 3025.
25
What is the greatest common factor of 48 and 198312?
24
What is the greatest common divisor of 5340 and 25?
5
Calculate the highest common divisor of 156 and 30836.
52
Calculate the greatest common factor of 5418 and 3526.
86
Calculate the greatest common factor of 25 and 4013.
1
Calculate the highest common factor of 2250 and 1467.
9
Calculate the highest common divisor of 24070 and 6.
2
What is the greatest common factor of 6316 and 3?
1
What is the greatest common factor of 3175212 and 12?
12
What is the greatest common factor of 11 and 47113?
11
Calculate the highest common factor of 3 and 33921.
3
Calculate the greatest common divisor of 135 and 2295.
135
Calculate the greatest common divisor of 88 and 173041.
11
Calculate the highest common divisor of 5063179 and 22.
11
What is the highest common divisor of 8262 and 6?
6
Calculate the highest common divisor of 20655 and 87075.
405
Calculate the highest common factor of 4200 and 1015.
35
What is the greatest common divisor of 50151 and 21297?
687
Calculate the greatest common divisor of 30552 and 171.
57
What is the greatest common factor of 204 and 756534?
102
What is the highest common factor of 61 and 9211?
61
Calculate the greatest common divisor of 7143 and 12.
3
What is the highest common divisor of 2184 and 223272?
168
Calculate the highest common factor of 10800 and 16530.
30
What is the highest common factor of 16569 and 45?
9
What is the highest common factor of 485901 and 117?
117
What is the highest common divisor of 65939 and 466?
233
Calculate the greatest common divisor of 2438 and 440960.
106
Calculate the highest common factor of 3200796 and 296.
148
Calculate the greatest common divisor of 574 and 840.
14
What is the highest common divisor of 594990 and 1782?
198
What is the highest common divisor of 5238670 and 20?
10
What is the highest common factor of 91339 and 6025?
241
What is the greatest common divisor of 1260 and 810?
90
What is the greatest common divisor of 6339187 and 113?
113
Calculate the greatest common factor of 4688 and 5296.
16
What is the highest common factor of 904 and 96?
8
What is the greatest common factor of 136358 and 116?
58
What is the highest common factor of 142 and 769001?
71
Calculate the highest common divisor of 127312 and 4964.
292
Calculate the highest common factor of 368573 and 177.
59
Calculate the highest common divisor of 36828 and 264.
132
Calculate the highest common factor of 15 and 132760.
5
What is the greatest common divisor of 1300513 and 37?
37
What is the highest common factor of 61 and 14030?
61
What is the highest common factor of 1541 and 24187?
67
What is the greatest common divisor of 971736 and 209?
19
What is the greatest common divisor of 64088 and 32?
8
What is the greatest common factor of 703 and 2738?
37
What is the greatest common divisor of 60 and 64605?
15
Calculate the highest common factor of 50166 and 108.
54
Calculate the greatest common divisor of 45567 and 747.
747
Calculate the greatest common factor of 4602 and 1416649.
767
What is the greatest common divisor of 15574 and 2574?
26
What is the greatest common divisor of 156469 and 23?
23
Calculate the greatest common divisor of 198927 and 4185.
279
Calculate the highest common factor of 302252 and 82.
82
What is the highest common divisor of 104 and 7423?
13
What is the greatest common divisor of 91934 and 86?
86
What is the highest common factor of 5483 and 2?
1
Calculate the highest common divisor of 2432 and 2774.
38
What is the greatest common factor of 95 and 405?
5
Calculate the greatest common divisor of 3914 and 855.
19
What is the greatest common factor of 775 and 915275?
775
What is the greatest common divisor of 750 and 9625?
125
What is the highest common divisor of 9616 and 32?
16
What is the greatest common factor of 1940463 and 54?
27
Calculate the greatest common factor of 2904 and 77264.
88
What is the greatest common factor of 7650 and 224550?
450
Calculate the greatest common divisor of 7792 and 160.
16
What is the greatest common divisor of 2328 and 120?
24
What is the highest common factor of 56772 and 21888?
684
What is the highest common factor of 40 and 256544?
8
What is the greatest common factor of 2368 and 43392?
64
What is the greatest common factor of 20370 and 294?
42
What is the greatest common factor of 1170 and 2610?
90
Calculate the greatest common factor of 60385 and 1534.
13
Calculate the greatest common divisor of 9412 and 104.
52
Calculate the highest common factor of 78216 and 48.
24
Calculate the greatest common factor of 81 and 522531.
81
Calculate the highest common divisor of 12090 and 2480.
310
Calculate the greatest common factor of 88 and 624228.
44
What is the greatest common factor of 1819 and 1135912?
107
Calculate the greatest common factor of 62135 and 30315.
215
Calculate the greatest common factor of 490254 and 606.
606
Calculate the highest common factor of 961 and 13214711.
961
What is the greatest common factor of 892 and 116?
4
What is the greatest common factor of 8349 and 92?
23
Calculate the highest common divisor of 1956 and 629343.
489
What is the highest common divisor of 99866 and 26910?
598
Calculate the greatest common factor of 319969 and 302.
151
Calculate the greatest common divisor of 102 and 264282.
102
What is the highest common divisor of 34713 and 290?
29
Calculate the greatest common divisor of 357391 and 17.
17
Calculate the highest common divisor of 21 and 11851707.
21
Calculate the greatest common factor of 8595 and 165.
15
Calculate the highest common divisor of 11914 and 23.